ive of r**2/2 + 2*r - 42. Give m(v).
5
Suppose 0 = 3*n - 3 + 18. Let m(h) = -h**3 - 4*h**2 + 4*h - 5. Determine m(n).
0
Let d(w) = -2*w - 2. Suppose -21 = -s + 5*g, -1 = 4*s - g - 2*g. Let u = 11 + -5. Let r = u + s. Determine d(r).
-6
Let g(h) = 2*h + 5 - 1 - 1. Let t = 69 - 72. What is g(t)?
-3
Let s(r) = -r**3 - 6*r**2 - r + 4. Let k(o) = -o**2 - 5*o + 3. Let f be k(-6). Let x be f/(-3)*(-4 - 2). What is s(x)?
10
Let s(f) be the second derivative of f**3/3 - f**2/2 - 9*f. Suppose -3*r + 2*a = 2*r - 25, -28 = -r + 5*a. Give s(r).
5
Let x(d) = d**2 - 3*d - 5. Let t = 17 + -13. Determine x(t).
-1
Let y(l) be the third derivative of l**4/12 + 2*l**3/3 - 8*l**2. What is y(-5)?
-6
Let u(b) be the third derivative of b**5/15 + b**4/24 + b**3/3 + 3*b**2. Determine u(2).
20
Let j(n) = 5 - 6*n + 10 - 14. Give j(1).
-5
Suppose -11*h + 5 = -6*h. Let t(w) be the third derivative of w**7/5040 + w**6/720 - w**5/60 + w**2. Let n(u) be the third derivative of t(u). What is n(h)?
2
Let h = 8 - 6. Let k(u) = -2*u**2 + u + 1. Let x be k(h). Let a(v) = -v - 5. Give a(x).
0
Suppose -2*h - 2*h + c + 8 = 0, -12 = 4*h + 4*c. Let q(s) = 7*s**2 - 1. What is q(h)?
6
Let r be (56/12)/(-1)*-3. Let a(d) = -2 + r*d + 2 - 8*d. Determine a(-1).
-6
Let u be (-4 - -3)*2*-2. Let n(v) = -v**2 + 4*v + 2. Calculate n(u).
2
Let l(o) = 7 + 2*o - o - 9 - 12. Let n be l(11). Let v(f) = -6*f**2 + 4 - 5*f**3 + 2*f + 4*f**2 + 4*f**3. Give v(n).
7
Let q = -106 + 97. Let n(x) = x - 2. What is n(q)?
-11
Let x be 3 + 0 - 0 - 2. Let g = x + 1. Let m(l) = 0 + g + 5*l**2 - 4*l**2 + 4*l. Calculate m(-4).
2
Let q(y) = -y + 1. Let j be q(0). Let g(d) = -4 + d**2 - 5*d**2 + d**3 + j. Let s = -18 - -22. Calculate g(s).
-3
Let r(x) = x**2 - 2*x. Let a be r(3). Let g(o) = -2*o**3 - 11*o**a - 4*o - 1 + 4*o + 2*o. What is g(1)?
-12
Let o be (-2)/4*(-7 + 7). Let z(y) be the second derivative of y - 1/2*y**2 + o - 1/6*y**3. Calculate z(-5).
4
Let o(m) be the second derivative of -m**3/2 - 3*m**2 + 28*m. Calculate o(-5).
9
Let u(r) = -6*r**3 - 4*r**2 - 12*r + 4. Let a(o) = 7*o**3 + 3*o**2 + 13*o - 4. Let d(s) = 5*a(s) + 6*u(s). Let l be d(-8). Let b(i) = i + 2. Determine b(l).
-2
Let o(p) = 4*p - 2. Let g(d) = -3*d + 2. Let u(v) = -5*g(v) - 4*o(v). Give u(-6).
4
Let j(t) be the first derivative of t**5/60 - t**3/6 + t**2/2 + 2. Let r(i) be the second derivative of j(i). Give r(-2).
3
Let l(o) be the second derivative of -o**4/12 - 2*o**3/3 + 3*o**2/2 + 24*o. Give l(-4).
3
Let o(k) = -k**2 - 2*k**2 + 2*k**2 - 4*k**3. Suppose -2*j - 4*v = -j + 13, 2*v + 10 = 0. Let n(l) = -l + 8. Let h be n(j). What is o(h)?
-5
Suppose -2*n + 7*n + 35 = 5*m, 0 = -3*m - 2*n + 31. Let f(u) = u**2 - 9*u. What is f(m)?
0
Let j(d) be the second derivative of 2*d**3/3 - 5*d**2/2 + 5*d. Calculate j(-4).
-21
Let p(d) = -d**3 - 3*d**2 + 4*d. Let z be p(-4). Suppose 2*x - 6*q + 2*q - 2 = z, -3*q = 4*x + 18. Let t(v) = -v + 4. What is t(x)?
7
Let j(o) = -o**3 + 5*o**2 + 3*o - 10. Let w be j(5). Let k(h) = -h**2 + 6*h - 6. Determine k(w).
-1
Let c(i) = -i**3 + 4*i**2 + 2*i - 2. Let p(r) = -r**3 + 5*r**2 + 3*r - 2. Let j(h) = -4*c(h) + 3*p(h). Calculate j(0).
2
Suppose -3*d = -5*q - 8, 6*q - 1 = -4*d + 3*q. Let s(g) = -g**2 + 7*g**2 + 0*g**2 + g**2. Determine s(d).
7
Let p(x) = -1 - 6 + 6 - 4*x. Let m(i) = 9*i + 3. Let z(o) = -3*m(o) - 7*p(o). What is z(0)?
-2
Let h = 21 + -14. Let t(i) = -i**2 + 4*i + 2. What is t(h)?
-19
Suppose 0 = -2*v, -2*v - 8 = 4*g + v. Let i = 0 + g. Let r(o) = -5*o - 1. Give r(i).
9
Let r(y) = -y**2 - 1. Suppose -x + 0*x - 3 = -z, 4 = -4*x + 2*z. Let h be (-2)/(x + -1 + -2). Suppose -4*u - 5 = -h. Determine r(u).
-2
Let q be 1/(-3) - (-5)/(-3). Let x(o) = 9*o**2 + 2*o - 4. Let a(r) = -2 + 0*r**2 + r + 3*r**2 + 2*r**2. Let y(i) = 5*a(i) - 3*x(i). Calculate y(q).
-4
Let p(s) be the third derivative of s**4/24 + s**3/3 - 2*s**2. Let f be (-3)/2*2/(-3). Let w be -1 + f + 0 + -2. Calculate p(w).
0
Let k(o) = 9*o - 7. Let w(q) = -25*q + 20. Let c(u) = -11*k(u) - 4*w(u). Let t(d) = 2*d. Let g be t(-3). Give c(g).
-9
Let v(k) be the first derivative of k**4/4 - 4*k**3/3 - k**2/2 + 3*k - 9. Suppose 12 = -i + 5*i. Determine v(i).
-9
Let g(d) = 4*d**3 + 3*d**2 - 7*d. Let t be ((-20)/(-35))/(4/14). Let k = 5 - t. Let v(l) = 3*l**3 + 3*l**2 - 6*l - 1. Let f(n) = k*v(n) - 2*g(n). Give f(-4).
-3
Let c(t) = -t**2 - 7*t + 5. Let k be c(-8). Let w = k - 1. Let l = w + 8. Let j(i) = i - 3. Determine j(l).
1
Let g(o) be the second derivative of o**4/12 - o**3 + o. Suppose -5*c = 3*w - 0 - 5, -3*w - 2*c = -11. Give g(w).
-5
Let p(u) = -1 - 48*u + 24*u + 22*u. What is p(1)?
-3
Let p(j) = 2*j**2 + 5*j + 5. Let h(g) = 3*g**2 + 9*g + 9. Let l(c) = 3*h(c) - 5*p(c). Suppose 4 = v - 0*v. What is l(v)?
-6
Let n(q) be the first derivative of q**3/3 + 3*q**2 + 8*q + 28. Determine n(-6).
8
Let i(f) be the first derivative of -3*f**2/2 + f + 2. Give i(1).
-2
Let z(t) be the first derivative of -t**4/4 - t**3 - 3*t**2/2 + t + 25. Give z(-3).
10
Let d(t) be the second derivative of -t**6/360 - 7*t**5/120 - 5*t**4/24 - t**3/3 + 4*t. Let l(k) be the second derivative of d(k). What is l(-7)?
-5
Let z(x) = -3*x + 2*x - x + 3 + 3*x. Let r be 1 + -1*1 - 0. Calculate z(r).
3
Let j(t) = 19 + 2*t**3 - t**2 + 2*t - 3*t - t**3 - 6. Let z be j(0). Suppose -3*y - 1 = -z. Let o(q) = q**3 - 3*q**2 - 3*q - 5. What is o(y)?
-1
Let z be 4/(-10) + 34/10. Let v(q) = 3 + z*q**2 - 3 - 13*q**2 + q. What is v(-1)?
-11
Let r be ((10 - 10) + (-1)/2)*2. Let x(w) = 4*w + 1. Calculate x(r).
-3
Let p(x) = -3*x + 3. Let i(w) = -w**2 + 3*w - 4. Let b(f) = 3*i(f) + 4*p(f). What is b(-2)?
-6
Let t(i) = -i**2 + 8*i - 9. Let b(j) be the first derivative of j**4/4 - 2*j**3/3 - 3*j + 8. Let q be b(3). Give t(q).
3
Let t(g) be the first derivative of -g**2/2 + 12*g - 1. Let b be t(9). Let p(c) = -7*c**2 + b*c - c**3 - c + 9*c**2 + 1. Calculate p(3).
-2
Let s(h) be the second derivative of h**4/6 - h**3/2 - 27*h. Calculate s(3).
9
Let a(x) = -x**3 + 12*x**2 - 27*x + 4. Let o be a(9). Let l(b) be the third derivative of 0*b + 0 - 1/12*b**o + 0*b**3 - 3*b**2. What is l(-2)?
4
Let p be (-9)/(-2)*(-4)/(-6). Let a(g) = -4 - 5*g**p + 0*g**3 + 4 + 1. What is a(1)?
-4
Let p(h) = -5*h. Let n be p(-1). Let s(y) = -2*y**2 + 6*y + 6. Calculate s(n).
-14
Let k(x) = -3 + 5 - 3 + 13*x. Let q(d) be the second derivative of -d**5/20 - d**4/2 + d**3 - 3*d**2 + 2*d. Let a be q(-7). Calculate k(a).
12
Let h(k) = -k**2 + k + 1. Let q(n) = 3*n**2 - 9*n - 5. Let v(l) = 4*h(l) + q(l). Calculate v(-6).
-7
Let a(i) = 13*i**3 + 25*i**2 - 25*i + 19. Let s(h) = 3*h**3 + 6*h**2 - 6*h + 5. Let m(x) = 2*a(x) - 9*s(x). Determine m(-5).
-2
Let a(t) = -t**2 - 9*t. Let u be a(-8). Let p(w) = -w**3 + 9*w**2 - 9*w + 6. Determine p(u).
-2
Let b(n) = -3*n + 3*n + n**3 - 4*n**2 - 3. Let i = 33 + -23. Suppose -i = -2*r - 2. What is b(r)?
-3
Let k(j) be the first derivative of -2*j**3/3 - 3*j**2/2 - 2*j - 1. Suppose 6 = -5*m - 4. Determine k(m).
-4
Let p(m) = m**3 + 3*m**2 + 2*m - 3. Suppose -12 = -4*i - 4. Suppose 15 = -5*l, u + 3*l - l + i = 0. Suppose 4*w - w = k - 3, -2*k - u = -w. Determine p(k).
-9
Suppose 0 = 35*w - 32*w + 18. Let o(d) = -d**3 - 5*d**2 + 8*d + 2. What is o(w)?
-10
Let b(l) be the third derivative of 1/6*l**3 + 1/15*l**5 - l**2 + 1/120*l**6 + 0*l + 0 - 5/24*l**4. What is b(-5)?
1
Let w(h) be the third derivative of -h**8/20160 + h**7/1260 - h**6/180 - h**5/60 - h**2. Let o(s) be the third derivative of w(s). Let z = 2 + 2. What is o(z)?
-4
Let c(a) be the second derivative of -19*a**3/6 + a**2/2 - 53*a. Determine c(-1).
20
Suppose 4*s + 3*x + 3 = 0, -6 = s + 2*s + x. Let f be (s/6)/((-2)/16). Let r(d) = -4 + 6*d - d**2 - d**3 + 2*d**2 + 2*d**2. Give r(f).
4
Let b(c) = c**2 - 5*c + 1. Let x be b(5). Suppose -t + 2*t = -x. Let m(z) = -5*z**2 + 1. Determine m(t).
-4
Let n(o) = -3*o**2 + 3*o**2 + 1 - o**3 - o**2 + 4*o - 2*o**2. Give n(-3).
-11
Let c(z) be the first derivative of 4/3*z**3 - 1/4*z**4 - 2*z**2 - 2 + 0*z. Let r be c(3). Let l(h) = h**3 + 2*h**2 - 2*h - 2. What is l(r)?
-5
Let p(u) = -u**2 + 4*u - 3. Let c be p(3). Suppose c*i - 5 = -4*r + 3*i, 0 = -r - 5*i + 7. Let s(o) = 0*o**2 - 1 + 2 + 5*o - o**r. Give s(5).
1
Let i(d) = 4*d - 2*d + d. Let p(j) = -j. Let u(g) = -2*g + 2. Let o(z) = -3*p(